of 68?
False
Is 67 a factor of 173329?
True
Does 10 divide 1311880?
True
Is 56 a factor of 89572?
False
Is 23 a factor of 1483109?
True
Does 52 divide 28828?
False
Is 344 a factor of 159960?
True
Is 25 a factor of 2224887?
False
Is 149 a factor of 228948?
False
Does 46 divide 221490?
True
Is 492934 a multiple of 64?
False
Is 38 a factor of 1749520?
True
Is 9 a factor of 8290134?
True
Is 36 a factor of 20808?
True
Is 1204270 a multiple of 6?
False
Is 21 a factor of 150255?
True
Does 180 divide 193140?
True
Is 136572 a multiple of 174?
False
Is 190 a factor of 9928?
False
Is 148 a factor of 5318112?
False
Is 3712 a multiple of 123?
False
Is 705 a factor of 7513185?
True
Does 115 divide 86940?
True
Is 312177 a multiple of 160?
False
Does 179 divide 393976?
False
Is 70 a factor of 4912?
False
Does 358 divide 2450510?
True
Is 41 a factor of 948822?
True
Is 183 a factor of 416508?
True
Is 278 a factor of 1405568?
True
Is 7584977 a multiple of 10?
False
Is 4 a factor of 174425?
False
Is 788268 a multiple of 53?
False
Is 177 a factor of 1491664?
False
Is 29 a factor of 180351?
True
Is 69 a factor of 86975?
False
Does 12 divide 388116?
True
Does 7 divide 1890456?
False
Does 13 divide 1991704?
True
Is 2348324 a multiple of 3?
False
Does 904 divide 2244707?
False
Does 223 divide 1440357?
True
Does 262 divide 13257167?
False
Does 508 divide 3449320?
True
Is 271 a factor of 2638426?
False
Is 109956 a multiple of 98?
True
Is 48 a factor of 401808?
True
Is 85370 a multiple of 10?
True
Does 649 divide 786014?
False
Does 28 divide 70504?
True
Is 289 a factor of 2305064?
True
Does 69 divide 708448?
False
Does 308 divide 1555391?
False
Is 4 a factor of 1137893?
False
Is 131 a factor of 18423415?
False
Is 74 a factor of 24531?
False
Is 38271 a multiple of 23?
False
Is 1423672 a multiple of 8?
True
Is 3 a factor of 39604?
False
Is 5577952 a multiple of 16?
True
Is 290 a factor of 508447?
False
Does 56 divide 1074888?
False
Is 370 a factor of 654674?
False
Is 3 a factor of 11280?
True
Does 1742 divide 17420?
True
Is 153 a factor of 1386333?
True
Does 52 divide 3059576?
True
Does 5 divide 175991?
False
Is 4156672 a multiple of 128?
True
Is 17 a factor of 8781323?
False
Is 1190310 a multiple of 9?
False
Does 51 divide 24786?
True
Does 23 divide 238458?
False
Is 246 a factor of 351454?
False
Does 272 divide 10740192?
True
Is 30 a factor of 122231?
False
Is 228181 even?
False
Does 217 divide 9943157?
True
Is 9477 a multiple of 9?
True
Does 295 divide 103250?
True
Does 15 divide 6282466?
False
Does 128 divide 176307?
False
Is 7 a factor of 432513?
False
Is 7144 a multiple of 94?
True
Does 4 divide 71105?
False
Is 291357 a multiple of 297?
True
Is 2 a factor of 5340?
True
Does 425 divide 5824882?
False
Does 21 divide 865073?
False
Is 10 a factor of 1752350?
True
Is 55 a factor of 87826?
False
Does 181 divide 238558?
True
Does 335 divide 2603285?
True
Does 11 divide 4729681?
True
Is 9 a factor of 92988?
True
Does 131 divide 180168?
False
Is 76 a factor of 35306?
False
Is 44 a factor of 5315360?
False
Is 114 a factor of 8067373?
False
Is 13327790 a multiple of 94?
True
Is 131 a factor of 186544?
True
Is 7050835 a multiple of 11?
True
Is 51 a factor of 157428?
False
Is 445 a factor of 99671?
False
Does 2068 divide 12938883?
False
Does 38 divide 13604?
True
Does 9 divide 930?
False
Does 576 divide 3041753?
False
Is 16 a factor of 111470?
False
Does 25 divide 27625?
True
Does 149 divide 1840299?
True
Is 10 a factor of 93340?
True
Is 1347365 a multiple of 20?
False
Does 250 divide 167250?
True
Is 13484148 a multiple of 57?
True
Does 467 divide 2622205?
True
Is 10 a factor of 806710?
True
Is 8 a factor of 29960?
True
Is 26 a factor of 170150?
False
Is 67220 a multiple of 16?
False
Is 79 a factor of 55932?
True
Does 37 divide 57474?
False
Is 41261 a multiple of 11?
True
Is 219 a factor of 16841812?
False
Is 1656 a multiple of 12?
True
Is 6 a factor of 274001?
False
Is 729520 a multiple of 110?
True
Is 116936 a multiple of 376?
True
Does 52 divide 3853328?
False
Does 14 divide 1609664?
True
Is 226 a factor of 3605030?
False
Is 475836 a multiple of 107?
False
Does 6 divide 259404?
True
Does 109 divide 701306?
True
Is 195234 a multiple of 13?
True
Does 11 divide 167903?
False
Is 312044 a multiple of 4?
True
Does 221 divide 5434832?
True
Does 151 divide 1107581?
False
Is 86 a factor of 122636?
True
Does 215 divide 303150?
True
Does 84 divide 1099611?
False
Is 61 a factor of 66315?
False
Does 394 divide 2322620?
False
Is 618 a factor of 13500210?
True
Is 35360 a multiple of 416?
True
Is 33 a factor of 750585?
True
Is 1123232 a multiple of 213?
False
Does 56 divide 352779?
False
Is 633 a factor of 8392947?
True
Is 695018 a multiple of 13?
False
Is 177 a factor of 186608?
False
Is 10 a factor of 644310?
True
Is 5614191 a multiple of 17?
False
Does 13 divide 327203?
False
Does 7 divide 209222?
False
Is 315 a factor of 97020?
True
Is 26 a factor of 46306?
True
Is 96605 a multiple of 12?
False
Is 4799568 a multiple of 408?
False
Is 211105 a multiple of 15?
False
Is 30 a factor of 5010?
True
Does 197 divide 38218?
True
Is 16 a factor of 186720?
True
Is 17608029 a multiple of 18?
False
Does 22 divide 12871?
False
Does 21 divide 34230?
True
Does 35 divide 9008349?
False
Is 51 a factor of 71394?
False
Is 16791458 a multiple of 72?
False
Is 7229 a multiple of 6?
False
Is 649413 a multiple of 20?
False
Does 81 divide 292007?
False
Is 1940075 a multiple of 405?
False
Is 86 a factor of 475064?
True
Does 34 divide 4692?
True
Is 1608391 a multiple of 494?
False
Is 170775 a multiple of 115?
True
Does 243 divide 11365353?
True
Is 853467 a multiple of 103?
False
Is 909 a factor of 3981420?
True
Is 646406 even?
True
Is 1168749 a multiple of 120?
False
Is 48 a factor of 57264?
True
Is 21 a factor of 339286?
False
Is 106 a factor of 870684?
True
Is 23 a factor of 266183?
False
Is 1278379 a multiple of 37?
False
Does 27 divide 9513?
False
Is 13982087 a multiple of 93?
False
Is 1870607 a multiple of 19?
True
Is 256620 a multiple of 364?
True
Does 64 divide 102972?
False
Is 62 a factor of 74152?
True
Is 288391 a multiple of 106?
False
Is 5 a factor of 168872?
False
Is 20 a factor of 207899?
False
Is 802 a factor of 2405302?
False
Does 64 divide 109632?
True
Is 22 a factor of 95994?
False
Is 135 a factor of 561055?
False
Is 6468558 a multiple of 1317?
False
Does 18 divide 626017?
False
Does 25 divide 180825?
True
Does 107 divide 10199347?
True
Does 8 divide 17052?
False
Is 2440178 a multiple of 127?
True
Does 37 divide 925074?
True
Is 65 a factor of 930102?
False
Is 5 a factor of 197049?
False
Is 5 a factor of 1566334?
False
Does 426 divide 80514?
True
Is 883101 a multiple of 57?
True
Does 28 divide 51331?
False
Is 28 a factor of 30550436?
True
Does 45 divide 1227735?
True
Does 171 divide 2155626?
True
Is 19 a factor of 371207?
False
Is 66 a factor of 10098?
True
Is 192 a factor of 1543194?
False
Does 85 divide 10370?
True
Is 21 a factor of 78057?
True
Is 29 a factor of 4697746?
False
Does 827 divide 2950874?
False
Is 1346271 a multiple of 7?
False
Does 292 divide 157228?
False
Is 55 a factor of 2369589?
False
Does 26 divide 963427?
False
Is 1561957 a multiple of 14?
False
Is 39 a factor of 4680?
True
Does 15 divide 172986?
False
Is 27 a factor of 1820645?
False
Does 166 divide 11790602?
False
Is 242373 a multiple of 173?
True
Does 14 divide 314300?
True
Is 17 a factor of 3132590?
True
Is 23 a factor of 613985?
True
Is 437164 a multiple of 52?
True
Is 143 a factor of 779851?
False
Is 11 a factor of 871101?
True
Is 86 a factor of 267804?
True
Is 110 a factor of 10221487?
False
Is 170 a factor of 806401?
False
Is 58 a factor of 272632?
False
Does 21 divide 17705184?
True
Is 51 a factor of 1661727?
False
Is 464948 a multiple of 11?
True
Does 90 divide 23992?
False
Is 390 a factor of 3116?
False
Is 195447 a multiple of 67?
False
Is 34030 a multiple of 42?
False
Is 107 a factor of 99938?
True
Does 205 divide 243199?
False
Is 2733088 a multiple of 1455?
False
Is 147 a factor of 544698?
False
Is 23 a factor of 399487?
True
Is 29 a factor of 1151053?
False
Does 84 divide 1195740?
True
Is 3942861 a multiple of 247?
True
Does 14 divide 2181546?
False
Does 32 divide 24116?
False
Is 12 a factor of 222214?
False
Doe